es 665 divide 555940?
True
Is 971180 a multiple of 196?
True
Is 48 a factor of 9352884?
False
Is 12140 a multiple of 20?
True
Is 502 a factor of 3883265?
False
Does 211 divide 538436?
False
Is 2151504 a multiple of 223?
True
Is 5067894 a multiple of 37?
False
Does 14 divide 46900?
True
Does 1632 divide 3924275?
False
Is 63 a factor of 155106?
True
Does 31 divide 345898?
True
Is 22 a factor of 8692486?
True
Does 509 divide 300526?
False
Does 620 divide 10144298?
False
Does 3 divide 54385?
False
Is 420649 a multiple of 401?
True
Does 317 divide 2349287?
True
Does 20 divide 7157501?
False
Is 34 a factor of 295202?
False
Does 100 divide 18024?
False
Is 145147 a multiple of 60?
False
Is 1695 a factor of 17427990?
True
Does 447 divide 128714?
False
Is 4521330 a multiple of 110?
True
Is 507561 a multiple of 4?
False
Is 83264 a multiple of 32?
True
Is 4506212 a multiple of 278?
False
Is 65380 a multiple of 51?
False
Is 3 a factor of 178592?
False
Is 22503987 a multiple of 243?
True
Does 255 divide 12699000?
True
Is 37 a factor of 509063?
False
Does 339 divide 2617419?
True
Does 7 divide 439663?
True
Does 160 divide 877889?
False
Is 21786 a multiple of 4?
False
Is 4 a factor of 108444?
True
Is 9 a factor of 9279?
True
Is 656898 a multiple of 37?
True
Does 279 divide 70029?
True
Is 562 a factor of 3933438?
True
Does 5 divide 76755?
True
Is 120 a factor of 209520?
True
Is 6460690 a multiple of 9?
False
Does 53 divide 45505?
False
Does 669 divide 6884010?
True
Is 162779 a multiple of 46?
False
Is 78 a factor of 128883?
False
Is 10 a factor of 194584?
False
Is 105 a factor of 155610?
True
Is 714672 a multiple of 21?
True
Does 30 divide 1157176?
False
Does 12 divide 114787?
False
Is 704150 a multiple of 41?
False
Does 17 divide 3504734?
False
Is 11 a factor of 17992?
False
Does 107 divide 467162?
True
Does 4 divide 10042?
False
Is 163 a factor of 113789?
False
Is 391450 a multiple of 10?
True
Is 39 a factor of 22113?
True
Does 4 divide 4085?
False
Is 1878 a factor of 20641098?
True
Does 89 divide 277146?
True
Is 55 a factor of 71775?
True
Is 405622 a multiple of 14?
True
Is 1590 a multiple of 6?
True
Is 40 a factor of 195539?
False
Does 186 divide 124806?
True
Does 1094 divide 3044093?
False
Is 74 a factor of 247900?
True
Is 868751 a multiple of 221?
True
Does 191 divide 3614293?
True
Is 131 a factor of 1819741?
False
Does 276 divide 13012020?
True
Does 25 divide 1110533?
False
Is 5 a factor of 72820?
True
Is 2124747 a multiple of 3?
True
Does 763 divide 430738?
False
Is 103834 a multiple of 193?
True
Is 397 a factor of 140538?
True
Does 12 divide 6831120?
True
Is 13951320 a multiple of 580?
True
Is 4 a factor of 324801?
False
Is 58501 a multiple of 24?
False
Is 59 a factor of 1133558?
False
Is 280 a factor of 3447937?
False
Is 69930 a multiple of 35?
True
Is 2180520 a multiple of 216?
True
Is 3598040 a multiple of 20?
True
Is 13515 a multiple of 17?
True
Does 23 divide 3347535?
True
Does 200 divide 5313352?
False
Is 14 a factor of 34234?
False
Is 292 a factor of 9095508?
True
Is 143489 a multiple of 11?
False
Does 863 divide 4000005?
True
Does 177 divide 26510?
False
Is 11469318 a multiple of 434?
True
Does 24 divide 3055056?
True
Is 6901293 a multiple of 21?
True
Does 4 divide 4748652?
True
Is 35 a factor of 24030?
False
Is 4 a factor of 301927?
False
Is 30 a factor of 23510400?
True
Is 144746 a multiple of 211?
True
Is 72 a factor of 5427144?
True
Is 758622 a multiple of 4?
False
Does 11 divide 53499?
False
Is 54 a factor of 80190?
True
Is 188 a factor of 117117?
False
Does 41 divide 63427?
True
Does 54 divide 559703?
False
Is 106268 a multiple of 124?
True
Is 2 a factor of 98188?
True
Does 367 divide 42572?
True
Is 11 a factor of 21988319?
False
Is 1186212 a multiple of 344?
False
Does 26 divide 342743?
False
Is 84 a factor of 20664?
True
Is 1832431 a multiple of 543?
False
Is 8468928 a multiple of 1248?
True
Is 82927 a multiple of 124?
False
Does 376 divide 84976?
True
Does 175 divide 164850?
True
Is 2063072 a multiple of 358?
False
Is 17 a factor of 1367633?
True
Does 368 divide 691840?
True
Does 33 divide 692835?
True
Is 695240 a multiple of 20?
True
Does 66 divide 75922?
False
Is 2680024 a multiple of 521?
True
Does 51 divide 351798?
True
Is 2 a factor of 337794?
True
Is 7058248 a multiple of 9?
False
Is 1647707 a multiple of 29?
False
Does 48 divide 2982480?
True
Is 4 a factor of 3212?
True
Is 407387 a multiple of 204?
False
Is 43 a factor of 85780?
False
Is 139492 a multiple of 172?
True
Is 4930152 a multiple of 501?
False
Is 457 a factor of 15843733?
True
Is 103395 a multiple of 61?
True
Is 157 a factor of 43489?
True
Is 706 a factor of 17038699?
False
Is 38498 a multiple of 11?
False
Is 57 a factor of 12434835?
True
Is 3323699 a multiple of 47?
True
Is 14 a factor of 6860?
True
Is 7 a factor of 172949?
True
Is 605800 a multiple of 10?
True
Does 5 divide 35342?
False
Is 464055 a multiple of 15?
True
Is 26 a factor of 6789325?
False
Is 1017122 a multiple of 438?
False
Does 3 divide 52172?
False
Is 14 a factor of 4025449?
False
Is 18 a factor of 239400?
True
Does 141 divide 354897?
True
Does 16 divide 882537?
False
Does 33 divide 309012?
True
Is 27 a factor of 885708?
True
Does 3 divide 165023?
False
Is 557484 a multiple of 8?
False
Is 118 a factor of 4535802?
True
Is 22 a factor of 27135?
False
Is 14 a factor of 408326?
False
Is 12245 a multiple of 5?
True
Does 24 divide 191112?
True
Is 530658 a multiple of 27?
True
Is 294553 a multiple of 203?
True
Is 34043180 a multiple of 68?
True
Does 233 divide 4735813?
False
Is 259 a factor of 6144020?
False
Does 606 divide 1438644?
True
Is 326474 a multiple of 478?
True
Does 176 divide 4130544?
True
Does 6 divide 1742460?
True
Is 682291 a multiple of 12?
False
Does 184 divide 191912?
True
Is 955440 a multiple of 40?
True
Is 893 a factor of 101404?
False
Does 710 divide 3272589?
False
Does 396 divide 101839?
False
Is 43626 a multiple of 33?
True
Is 98196 a multiple of 21?
True
Is 532218 a multiple of 32?
False
Does 11 divide 291783?
False
Does 21 divide 14763?
True
Is 774081 a multiple of 40?
False
Is 44482 a multiple of 23?
True
Does 32 divide 164100?
False
Is 2142250 a multiple of 19?
True
Does 42 divide 10122?
True
Does 11 divide 13008611?
True
Is 18942617 a multiple of 166?
False
Does 132 divide 179806?
False
Does 51 divide 742377?
False
Does 101 divide 154732?
True
Is 245520 a multiple of 93?
True
Is 13908 a multiple of 57?
True
Is 81 a factor of 4799392?
False
Is 9 a factor of 4035357?
True
Does 30 divide 21210?
True
Does 15 divide 236640?
True
Is 8639 even?
False
Is 129 a factor of 3255939?
False
Is 6911291 a multiple of 1496?
False
Does 24 divide 194528?
False
Is 22141 a multiple of 53?
False
Is 4937820 a multiple of 618?
True
Is 407 a factor of 142450?
True
Is 264076 a multiple of 107?
True
Is 1380364 a multiple of 59?
True
Is 226 a factor of 4021444?
True
Does 5 divide 9936?
False
Does 135 divide 2083186?
False
Does 23 divide 1873673?
False
Is 107 a factor of 2841813?
True
Does 773 divide 16423158?
True
Is 12 a factor of 11342960?
False
Is 798600 a multiple of 200?
True
Does 16 divide 1859872?
True
Does 52 divide 675140?
False
Does 98 divide 147578?
False
Is 138 a factor of 7388520?
True
Is 448 a factor of 1306058?
False
Is 343 a factor of 7977100?
False
Is 1434129 a multiple of 1581?
False
Is 1007460 a multiple of 45?
True
Is 1415238 a multiple of 58?
False
Does 199 divide 52934?
True
Is 20 a factor of 694320?
True
Does 25 divide 23150?
True
Is 2013 a factor of 14543549?
False
Does 37 divide 1237627?
False
Is 172 a factor of 3653108?
True
Is 1501372 a multiple of 893?
False
Is 93610 a multiple of 10?
True
Is 9 a factor of 362805?
False
Does 70 divide 66328?
False
Is 21 a factor of 1421988?
False
Is 13903 a multiple of 6?
False
Is 12 a factor of 6221376?
True
Does 6 divide 13274?
False
Is 646393 a multiple of 273?
False
Does 7 divide 11746693?
True
Is 157 a factor of 2542818?
False
Is 668686 a multiple of 181?
False
Is 14 a factor of 1498938?
True
Is 16 a factor of 8928?
True
Is 666147 a multiple of 513?
False
Is 11 a factor of 2040126?
True
Is 5631434 a multiple of 254?
True
Does 12 divide 22152?
True
Is 10 a factor of 213100?
True
Does 5 divide 17929?
False
Is 2314533 a multiple of 13?
True
